001100010
Convert b000 (base 14) to base 11.
20750
Convert -56 (base 14) to base 11.
-6a
416 (base 15) to base 5
12141
-25730 (base 8) to base 12
-65b4
Convert 1171 (base 11) to base 12.
a76
5595 (base 10) to base 6
41523
What is -2521 (base 11) in base 2?
-110011011010
-100212 (base 6) to base 9
-11688
What is -15143 (base 6) in base 16?
-987
-8fd (base 16) to base 14
-ba5
What is -a615 (base 11) in base 4?
-3123210
12013 (base 5) to base 3
1012201
112101 (base 3) to base 9
471
-401330 (base 5) to base 12
-7437
Convert -110011011 (base 2) to base 5.
-3121
11c7 (base 15) to base 16
ecb
Convert 108430 (base 9) to base 14.
19ab6
Convert 255556 (base 7) to base 13.
188a1
Convert -30131 (base 6) to base 11.
-2a65
Convert -328 (base 12) to base 14.
-252
-267 (base 13) to base 7
-1143
3fd (base 16) to base 12
711
What is 1995 (base 16) in base 10?
6549
What is 162 (base 8) in base 11?
a4
What is -2211112 (base 3) in base 10?
-2066
Convert -4836 (base 14) to base 15.
-3ae7
What is 561 (base 8) in base 12?
269
5ebe (base 16) to base 14
8ba6
Convert 5034 (base 10) to base 14.
1b98
857 (base 13) to base 10
1424
-242 (base 15) to base 11
-426
-b1 (base 13) to base 14
-a4
Convert 50226 (base 9) to base 14.
c047
-2c4c (base 14) to base 9
-11756
-6ac6 (base 13) to base 5
-440114
4601 (base 9) to base 12
1b77
What is -35135 (base 6) in base 7?
-20441
Convert -2161 (base 13) to base 10.
-4642
Convert -253 (base 9) to base 2.
-11010010
Convert -198d (base 14) to base 7.
-16336
54 (base 10) to base 16
36
Convert 164705 (base 8) to base 11.
40a65
Convert 13133 (base 7) to base 2.
110110101111
-72686 (base 9) to base 15
-e319
What is -1111101101 (base 2) in base 16?
-3ed
-3333 (base 8) to base 14
-8d5
What is -3116 (base 9) in base 12?
-13a3
-11001213 (base 4) to base 7
-114003
What is -7b (base 16) in base 10?
-123
Convert -10538 (base 9) to base 8.
-15531
Convert -1030140 (base 6) to base 16.
-c5ac
What is -2333 (base 6) in base 14?
-2c1
-1430 (base 5) to base 10
-240
What is 36412 (base 11) in base 16?
ccb6
Convert 483 (base 11) to base 3.
210022
-13330 (base 6) to base 10
-2070
What is 2200211 (base 3) in base 14?
a06
What is -1252 (base 6) in base 15?
-165
7c6a (base 14) to base 4
11102112
What is 4983 (base 11) in base 6?
50040
Convert 12c3 (base 13) to base 6.
20250
What is 9a5 (base 15) in base 11?
1702
Convert 3123 (base 4) to base 15.
e9
What is -30c2 (base 16) in base 3?
-122010022
Convert 515510 (base 7) to base 12.
431ab
What is b0 (base 14) in base 8?
232
What is 101010001 (base 2) in base 4?
11101
What is 1003 (base 13) in base 9?
3014
Convert 113265 (base 7) to base 15.
608c
18c (base 15) to base 12
259
What is 291a (base 11) in base 7?
13666
What is 10101101111 (base 2) in base 10?
1391
Convert 221221011 (base 3) to base 10.
18904
What is 113 (base 4) in base 16?
17
What is -313003 (base 4) in base 10?
-3523
Convert 16442 (base 7) to base 9.
6375
What is 1a79 (base 14) in base 11?
3684
2022003 (base 4) to base 12
5143
102211 (base 3) to base 15
164
Convert 10230 (base 6) to base 9.
1810
Convert -41853 (base 11) to base 10.
-60921
What is 271 (base 9) in base 12?
16a
Convert 7a51 (base 15) to base 7.
135442
What is 101000101111110 (base 2) in base 5?
1131422
What is -2664 (base 8) in base 13?
-884
Convert 17484 (base 9) to base 10.
12064
Convert -34b (base 12) to base 6.
-2135
Convert -1bd1 (base 16) to base 6.
-52545
55a (base 13) to base 8
1630
Convert 334 (base 15) to base 4.
23110
Convert b27 (base 13) to base 10.
1892
-314 (base 16) to base 13
-488
What is 24414 (base 6) in base 9?
4851
What is 1410030 (base 5) in base 15?
87ca
1111001 (base 2) to base 6
321
Convert -5 (base 11) to base 2.
-101
Convert -220202 (base 3) to base 8.
-1234
What is 1101120 (base 3) in base 8?
1766
What is 276bb (base 12) in base 14?
15c63
Convert -11030 (base 5) to base 12.
-539
What is -152 (base 15) in base 10?
-302
What is 22021110 (base 3) in base 13?
2991
What is -1700 (base 13) in base 14?
-1336
Convert -11200100 (base 3) to base 10.
-3411
What is -122 (base 11) in base 5?
-1040
What is -36c (base 14) in base 15?
-309
What is 185 (base 12) in base 16?
f5
Convert -11284 (base 9) to base 8.
-16550
What is -146 (base 11) in base 12?
-123
What is -104102 (base 5) in base 8?
-7104
-71 (base 9) to base 2
-1000000
Convert 558 (base 14) to base 13.
635
-5bb (base 14) to base 12
-7b5
-1005 (base 7) to base 14
-1ac
1000101100 (base 2) to base 16
22c
-682 (base 10) to base 11
-570
307 (base 11) to base 5
2440
What is -3221001 (base 4) in base 11?
-10228
Convert 14110 (base 7) to base 5.
110304
What is 109 (base 11) in base 3?
11211
97 (base 13) to base 7
235
-1101010100 (base 2) to base 6
-3540
Convert -2431 (base 5) to base 3.
-111120
What is -552 (base 9) in base 2?
-111000100
What is 578 (base 9) in base 14?
260
10200103 (base 4) to base 8
44023
Convert -7720 (base 9) to base 14.
-2104
Convert -3404 (base 6) to base 14.
-40c
Convert -1206 (base 10) to base 2.
-10010110110
-12538 (base 9) to base 2
-10000100001011
What is 222 (base 12) in base 7?
626
-5331 (base 6) to base 9
-1581
34527 (base 9) to base 11
16336
Convert -51542 (base 6) to base 12.
-3bb2
What is -689 (base 12) in base 11?
-801
-e88 (base 16) to base 2
-111010001000
What is -1 (base 4) in base 15?
-1
Convert -1013111 (base 6) to base 16.
-be03
What is -10111000 (base 2) in base 4?
-2320
What is -104256 (base 8) in base 15?
-a57a
Convert -12102 (base 4) to base 8.
-622
Convert 7311 (base 10) to base 2.
1110010001111
Convert 164c (base 16) to base 4.
1121030
What is -8268 (base 11) in base 6?
-122432
What is 107a8 (base 12) in base 4?
11111300
What is -b022 (base 12) in base 16?
-4a5a
What is 355 (base 6) in base 2?
10001111
1102000100 (base 3) to base 16
6c3f
What is 15203 (base 6) in base 15?
ad6
Convert -a3a (base 11) to base 3.
-1201102
Convert 1546 (base 7) to base 3.
212001
What is -1202120220 (base 3) in base 6?
-424340
What is -2002 (base 6) in base 4?
-12302
Convert 202021 (base 4) to base 13.
cc1
-12112 (base 8) to base 9
-7111
-2224 (base 7) to base 2
-1100100010
What is -100022012 (base 3) in base 16?
-1a7e
162 (base 8) to base 6
310
Convert -40 (base 7) to base 11.
-26
-37d (base 16) to base 3
-1020002
1d4 (base 16) to base 3
122100
What is -178 (base 16) in base 12?
-274
Convert 16a1 (base 12) to base 3.
10201111
Convert -1a6 (base 14) to base 10.
-342
-2111 (base 6) to base 9
-577
Convert -3632 (base 14) to base 10.
-9452
What is -480 (base 9) in base 8?
-614
Convert -10110100 (base 2) to base 5.
-1210
40323 (base 7) to base 6
113120
What is -3113032 (base 4) in base 3?
-200220011
-1033 (base 6) to base 7
-456
14210 (base 5) to base 6
5244
11056 (base 8) to base 3
20101101
-853 (base 10) to base 16
-355
What is 3a0 (base 13) in base 16?
27d
What is -2d8 (base 16) in base 5?
-10403
-cd (base 14) to base 9
-221
-254 (base 11) to base 13
-1a2
Convert -2001 (base 8) to base 2.
-10000000001
35665 (base 8) to base 13
6c5a
Convert 83d (base 16) to base 9.
2803
-1382 (base 16) to base 14
-1b6a
What is -4132304 (base 5) in base 7?
-401516
What is 1533 (base 7) in base 9?
750
Convert -441c (base 16) to base 15.
-5276
4312 (base 6) to base 14
500
597 (base 11) to base 16
2c7
-10043 (base 5) to base 8
-1210
2a2 (base 11) to base 14
1b4
What is -bc6a (base 13) in base 3?
-1100001110
Convert -1214232 (base 5) to base 4.
-11220123
Convert -31375 (base 8) to base 16.
-32fd
What is -10110011101010 (base 2) in base 11?
-8703
530023 (base 6) to base 16
a71f
Convert 1241402 (base 6) to base 11.
469a5
Convert -1050 (base 6) to base 5.
-1441
Convert 17371 (base 8) to base 12.
4709
What is 1576 (base 10) in base 4?
120220
What is -12b09 (base 14) in base 5?
-2433234
What is -32485 (base 9) in base 8?
-52046
What is 1144013 (base 5) in base 10?
21758
What is -11010100 (base 2) in base 5?
-1322
Convert -304 (base 9) to base 14.
-139
-25a (base 11) to base 16
-133
Convert -4325 (base 9) to base 8.
-6156
515c (base 15) to base 7
101052
What is -b2bd (base 15) in base 8?
-111571
Convert a3b (base 15) to base 13.
1085
What is 446 (base 7) in base 16?
e6
13130 (base 4) to base 3
122122
-6416 (base 8) to base 3
-11120210
Convert 30206 (base 9) to base 13.
9060
Convert -330 (base 5) to base 10.
-90
What is -10000000